{"id":6106,"date":"2021-06-29T16:18:53","date_gmt":"2021-06-29T14:18:53","guid":{"rendered":"https:\/\/www.fundacionsoysol.org\/actividades\/how-to-protect-ourselves-from-electromagnetic-fields\/"},"modified":"2021-06-29T16:19:47","modified_gmt":"2021-06-29T14:19:47","slug":"how-to-protect-ourselves-from-electromagnetic-fields","status":"publish","type":"actividades","link":"https:\/\/www.fundacionsoysol.org\/en\/activities\/how-to-protect-ourselves-from-electromagnetic-fields\/","title":{"rendered":"How to Protect Ourselves from Electromagnetic Fields"},"content":{"rendered":"\n<p>Unfortunately, despite the passing of <a href=\"https:\/\/www.saludgeoambiental.org\/resolucion-1815-consejo-europa\" target=\"_blank\" rel=\"noreferrer noopener\">Resolution 1815 of the Council of Europe of 27 May, <\/a><strong><a href=\"https:\/\/www.peccem.org\/DocumentacionDescarga\/Legislacion\/Resolucion_A_P_Consejo_Europa_27_05_11_prensa.pdf\" target=\"_blank\" rel=\"noreferrer noopener\">(see .pdf)<\/a><\/strong>, entitled \u00ab <strong>The potential dangers of electromagnetic fields and their effect on the environment\u201d\u00bb<\/strong> point 8.1.1. of which states: \u201c<em>take all reasonable measures to reduce exposure to electromagnetic fields, especially to radio frequencies from mobile phones, and particularly the exposure to children and young people who seem to be most at risk from head tumours\u201d<\/em>, sadly, we still see a lack of awareness in many people when it comes to reducing the impact of these waves on our health. <\/p>\n\n\n\n<p>We are seeing more and more problems caused by them, such as memory loss, insomnia, chronic fatigue, fibromyalgia, electromagnetic hypersensitivity and tumoral processes, among others. <\/p>\n\n\n\n<p>Come to the courses we offer to find out how to reduce this impact as much as possible in our lives, especially after the approval of 5G, which has exacerbated this problem significantly. <\/p>\n\n\n\n<p>If you are interested in simple prevention courses, contact us through this form.<\/p>\n","protected":false},"excerpt":{"rendered":"<p>Come to the courses we offer to find out how to reduce this impact as much as possible in our lives, especially after the approval of 5G, which has exacerbated this problem significantly.<\/p>\n","protected":false},"featured_media":6108,"menu_order":0,"template":"","categoria-de-la-actividad":[135],"tipo-de-actividad":[140],"class_list":["post-6106","actividades","type-actividades","status-publish","has-post-thumbnail","hentry","categoria-de-la-actividad-health","tipo-de-actividad-group-activity"],"acf":[],"yoast_head":"<!-- This site is optimized with the Yoast SEO plugin v26.9 - https:\/\/yoast.com\/product\/yoast-seo-wordpress\/ -->\n<title>How to Protect Ourselves from Electromagnetic Fields - Fundaci\u00f3n Soysol<\/title>\n<meta name=\"robots\" content=\"index, follow, max-snippet:-1, max-image-preview:large, max-video-preview:-1\" \/>\n<link rel=\"canonical\" href=\"https:\/\/www.fundacionsoysol.org\/en\/activities\/how-to-protect-ourselves-from-electromagnetic-fields\/\" \/>\n<meta property=\"og:locale\" content=\"en_US\" \/>\n<meta property=\"og:type\" content=\"article\" \/>\n<meta property=\"og:title\" content=\"How to Protect Ourselves from Electromagnetic Fields - Fundaci\u00f3n Soysol\" \/>\n<meta property=\"og:description\" content=\"Come to the courses we offer to find out how to reduce this impact as much as possible in our lives, especially after the approval of 5G, which has exacerbated this problem significantly.\" \/>\n<meta property=\"og:url\" content=\"https:\/\/www.fundacionsoysol.org\/en\/activities\/how-to-protect-ourselves-from-electromagnetic-fields\/\" \/>\n<meta property=\"og:site_name\" content=\"Fundaci\u00f3n Soysol\" \/>\n<meta property=\"article:modified_time\" content=\"2021-06-29T14:19:47+00:00\" \/>\n<meta property=\"og:image\" content=\"https:\/\/www.fundacionsoysol.org\/wp-content\/uploads\/2021\/03\/como-protegernos-de-los-campos-electromagneticos.jpg\" \/>\n\t<meta property=\"og:image:width\" content=\"1300\" \/>\n\t<meta property=\"og:image:height\" content=\"1300\" \/>\n\t<meta property=\"og:image:type\" content=\"image\/jpeg\" \/>\n<meta name=\"twitter:card\" content=\"summary_large_image\" \/>\n<meta name=\"twitter:label1\" content=\"Est. reading time\" \/>\n\t<meta name=\"twitter:data1\" content=\"1 minute\" \/>\n<script type=\"application\/ld+json\" class=\"yoast-schema-graph\">{\"@context\":\"https:\/\/schema.org\",\"@graph\":[{\"@type\":\"WebPage\",\"@id\":\"https:\/\/www.fundacionsoysol.org\/en\/activities\/how-to-protect-ourselves-from-electromagnetic-fields\/\",\"url\":\"https:\/\/www.fundacionsoysol.org\/en\/activities\/how-to-protect-ourselves-from-electromagnetic-fields\/\",\"name\":\"How to Protect Ourselves from Electromagnetic Fields - Fundaci\u00f3n Soysol\",\"isPartOf\":{\"@id\":\"https:\/\/www.fundacionsoysol.org\/#website\"},\"primaryImageOfPage\":{\"@id\":\"https:\/\/www.fundacionsoysol.org\/en\/activities\/how-to-protect-ourselves-from-electromagnetic-fields\/#primaryimage\"},\"image\":{\"@id\":\"https:\/\/www.fundacionsoysol.org\/en\/activities\/how-to-protect-ourselves-from-electromagnetic-fields\/#primaryimage\"},\"thumbnailUrl\":\"https:\/\/www.fundacionsoysol.org\/wp-content\/uploads\/2021\/03\/como-protegernos-de-los-campos-electromagneticos.jpg\",\"datePublished\":\"2021-06-29T14:18:53+00:00\",\"dateModified\":\"2021-06-29T14:19:47+00:00\",\"breadcrumb\":{\"@id\":\"https:\/\/www.fundacionsoysol.org\/en\/activities\/how-to-protect-ourselves-from-electromagnetic-fields\/#breadcrumb\"},\"inLanguage\":\"en-US\",\"potentialAction\":[{\"@type\":\"ReadAction\",\"target\":[\"https:\/\/www.fundacionsoysol.org\/en\/activities\/how-to-protect-ourselves-from-electromagnetic-fields\/\"]}]},{\"@type\":\"ImageObject\",\"inLanguage\":\"en-US\",\"@id\":\"https:\/\/www.fundacionsoysol.org\/en\/activities\/how-to-protect-ourselves-from-electromagnetic-fields\/#primaryimage\",\"url\":\"https:\/\/www.fundacionsoysol.org\/wp-content\/uploads\/2021\/03\/como-protegernos-de-los-campos-electromagneticos.jpg\",\"contentUrl\":\"https:\/\/www.fundacionsoysol.org\/wp-content\/uploads\/2021\/03\/como-protegernos-de-los-campos-electromagneticos.jpg\",\"width\":1300,\"height\":1300,\"caption\":\"how we protect ourselves from electromagnetic fields\"},{\"@type\":\"BreadcrumbList\",\"@id\":\"https:\/\/www.fundacionsoysol.org\/en\/activities\/how-to-protect-ourselves-from-electromagnetic-fields\/#breadcrumb\",\"itemListElement\":[{\"@type\":\"ListItem\",\"position\":1,\"name\":\"Portada\",\"item\":\"https:\/\/www.fundacionsoysol.org\/en\/we-care-for-you-and-for-the-environment\/\"},{\"@type\":\"ListItem\",\"position\":2,\"name\":\"Actividades\",\"item\":\"https:\/\/www.fundacionsoysol.org\/actividades\/\"},{\"@type\":\"ListItem\",\"position\":3,\"name\":\"How to Protect Ourselves from Electromagnetic Fields\"}]},{\"@type\":\"WebSite\",\"@id\":\"https:\/\/www.fundacionsoysol.org\/#website\",\"url\":\"https:\/\/www.fundacionsoysol.org\/\",\"name\":\"Fundaci\u00f3n Soysol\",\"description\":\"Cuidamos de t\u00ed y del medio ambiente, entendiendo la salud de un modo hol\u00edstico, que integra todas las dimensiones del ser humano y su interrelaci\u00f3n rec\u00edprocamente influyente con la tierra.\",\"publisher\":{\"@id\":\"https:\/\/www.fundacionsoysol.org\/#organization\"},\"potentialAction\":[{\"@type\":\"SearchAction\",\"target\":{\"@type\":\"EntryPoint\",\"urlTemplate\":\"https:\/\/www.fundacionsoysol.org\/?s={search_term_string}\"},\"query-input\":{\"@type\":\"PropertyValueSpecification\",\"valueRequired\":true,\"valueName\":\"search_term_string\"}}],\"inLanguage\":\"en-US\"},{\"@type\":\"Organization\",\"@id\":\"https:\/\/www.fundacionsoysol.org\/#organization\",\"name\":\"Fundaci\u00f3n Soysol\",\"url\":\"https:\/\/www.fundacionsoysol.org\/\",\"logo\":{\"@type\":\"ImageObject\",\"inLanguage\":\"en-US\",\"@id\":\"https:\/\/www.fundacionsoysol.org\/#\/schema\/logo\/image\/\",\"url\":\"https:\/\/www.fundacionsoysol.org\/wp-content\/uploads\/2021\/02\/logo-soysol.svg\",\"contentUrl\":\"https:\/\/www.fundacionsoysol.org\/wp-content\/uploads\/2021\/02\/logo-soysol.svg\",\"width\":70,\"height\":100,\"caption\":\"Fundaci\u00f3n Soysol\"},\"image\":{\"@id\":\"https:\/\/www.fundacionsoysol.org\/#\/schema\/logo\/image\/\"}}]}<\/script>\n<!-- \/ Yoast SEO plugin. -->","yoast_head_json":{"title":"How to Protect Ourselves from Electromagnetic Fields - Fundaci\u00f3n Soysol","robots":{"index":"index","follow":"follow","max-snippet":"max-snippet:-1","max-image-preview":"max-image-preview:large","max-video-preview":"max-video-preview:-1"},"canonical":"https:\/\/www.fundacionsoysol.org\/en\/activities\/how-to-protect-ourselves-from-electromagnetic-fields\/","og_locale":"en_US","og_type":"article","og_title":"How to Protect Ourselves from Electromagnetic Fields - Fundaci\u00f3n Soysol","og_description":"Come to the courses we offer to find out how to reduce this impact as much as possible in our lives, especially after the approval of 5G, which has exacerbated this problem significantly.","og_url":"https:\/\/www.fundacionsoysol.org\/en\/activities\/how-to-protect-ourselves-from-electromagnetic-fields\/","og_site_name":"Fundaci\u00f3n Soysol","article_modified_time":"2021-06-29T14:19:47+00:00","og_image":[{"width":1300,"height":1300,"url":"https:\/\/www.fundacionsoysol.org\/wp-content\/uploads\/2021\/03\/como-protegernos-de-los-campos-electromagneticos.jpg","type":"image\/jpeg"}],"twitter_card":"summary_large_image","twitter_misc":{"Est. reading time":"1 minute"},"schema":{"@context":"https:\/\/schema.org","@graph":[{"@type":"WebPage","@id":"https:\/\/www.fundacionsoysol.org\/en\/activities\/how-to-protect-ourselves-from-electromagnetic-fields\/","url":"https:\/\/www.fundacionsoysol.org\/en\/activities\/how-to-protect-ourselves-from-electromagnetic-fields\/","name":"How to Protect Ourselves from Electromagnetic Fields - Fundaci\u00f3n Soysol","isPartOf":{"@id":"https:\/\/www.fundacionsoysol.org\/#website"},"primaryImageOfPage":{"@id":"https:\/\/www.fundacionsoysol.org\/en\/activities\/how-to-protect-ourselves-from-electromagnetic-fields\/#primaryimage"},"image":{"@id":"https:\/\/www.fundacionsoysol.org\/en\/activities\/how-to-protect-ourselves-from-electromagnetic-fields\/#primaryimage"},"thumbnailUrl":"https:\/\/www.fundacionsoysol.org\/wp-content\/uploads\/2021\/03\/como-protegernos-de-los-campos-electromagneticos.jpg","datePublished":"2021-06-29T14:18:53+00:00","dateModified":"2021-06-29T14:19:47+00:00","breadcrumb":{"@id":"https:\/\/www.fundacionsoysol.org\/en\/activities\/how-to-protect-ourselves-from-electromagnetic-fields\/#breadcrumb"},"inLanguage":"en-US","potentialAction":[{"@type":"ReadAction","target":["https:\/\/www.fundacionsoysol.org\/en\/activities\/how-to-protect-ourselves-from-electromagnetic-fields\/"]}]},{"@type":"ImageObject","inLanguage":"en-US","@id":"https:\/\/www.fundacionsoysol.org\/en\/activities\/how-to-protect-ourselves-from-electromagnetic-fields\/#primaryimage","url":"https:\/\/www.fundacionsoysol.org\/wp-content\/uploads\/2021\/03\/como-protegernos-de-los-campos-electromagneticos.jpg","contentUrl":"https:\/\/www.fundacionsoysol.org\/wp-content\/uploads\/2021\/03\/como-protegernos-de-los-campos-electromagneticos.jpg","width":1300,"height":1300,"caption":"how we protect ourselves from electromagnetic fields"},{"@type":"BreadcrumbList","@id":"https:\/\/www.fundacionsoysol.org\/en\/activities\/how-to-protect-ourselves-from-electromagnetic-fields\/#breadcrumb","itemListElement":[{"@type":"ListItem","position":1,"name":"Portada","item":"https:\/\/www.fundacionsoysol.org\/en\/we-care-for-you-and-for-the-environment\/"},{"@type":"ListItem","position":2,"name":"Actividades","item":"https:\/\/www.fundacionsoysol.org\/actividades\/"},{"@type":"ListItem","position":3,"name":"How to Protect Ourselves from Electromagnetic Fields"}]},{"@type":"WebSite","@id":"https:\/\/www.fundacionsoysol.org\/#website","url":"https:\/\/www.fundacionsoysol.org\/","name":"Fundaci\u00f3n Soysol","description":"Cuidamos de t\u00ed y del medio ambiente, entendiendo la salud de un modo hol\u00edstico, que integra todas las dimensiones del ser humano y su interrelaci\u00f3n rec\u00edprocamente influyente con la tierra.","publisher":{"@id":"https:\/\/www.fundacionsoysol.org\/#organization"},"potentialAction":[{"@type":"SearchAction","target":{"@type":"EntryPoint","urlTemplate":"https:\/\/www.fundacionsoysol.org\/?s={search_term_string}"},"query-input":{"@type":"PropertyValueSpecification","valueRequired":true,"valueName":"search_term_string"}}],"inLanguage":"en-US"},{"@type":"Organization","@id":"https:\/\/www.fundacionsoysol.org\/#organization","name":"Fundaci\u00f3n Soysol","url":"https:\/\/www.fundacionsoysol.org\/","logo":{"@type":"ImageObject","inLanguage":"en-US","@id":"https:\/\/www.fundacionsoysol.org\/#\/schema\/logo\/image\/","url":"https:\/\/www.fundacionsoysol.org\/wp-content\/uploads\/2021\/02\/logo-soysol.svg","contentUrl":"https:\/\/www.fundacionsoysol.org\/wp-content\/uploads\/2021\/02\/logo-soysol.svg","width":70,"height":100,"caption":"Fundaci\u00f3n Soysol"},"image":{"@id":"https:\/\/www.fundacionsoysol.org\/#\/schema\/logo\/image\/"}}]}},"_links":{"self":[{"href":"https:\/\/www.fundacionsoysol.org\/en\/wp-json\/wp\/v2\/actividades\/6106","targetHints":{"allow":["GET"]}}],"collection":[{"href":"https:\/\/www.fundacionsoysol.org\/en\/wp-json\/wp\/v2\/actividades"}],"about":[{"href":"https:\/\/www.fundacionsoysol.org\/en\/wp-json\/wp\/v2\/types\/actividades"}],"version-history":[{"count":0,"href":"https:\/\/www.fundacionsoysol.org\/en\/wp-json\/wp\/v2\/actividades\/6106\/revisions"}],"wp:featuredmedia":[{"embeddable":true,"href":"https:\/\/www.fundacionsoysol.org\/en\/wp-json\/wp\/v2\/media\/6108"}],"wp:attachment":[{"href":"https:\/\/www.fundacionsoysol.org\/en\/wp-json\/wp\/v2\/media?parent=6106"}],"wp:term":[{"taxonomy":"categoria-de-la-actividad","embeddable":true,"href":"https:\/\/www.fundacionsoysol.org\/en\/wp-json\/wp\/v2\/categoria-de-la-actividad?post=6106"},{"taxonomy":"tipo-de-actividad","embeddable":true,"href":"https:\/\/www.fundacionsoysol.org\/en\/wp-json\/wp\/v2\/tipo-de-actividad?post=6106"}],"curies":[{"name":"wp","href":"https:\/\/api.w.org\/{rel}","templated":true}]}}

<!-- This site is optimized with the Yoast SEO plugin v26.9 - https://yoast.com/product/yoast-seo-wordpress/ -->
<title>How to Protect Ourselves from Electromagnetic Fields - Fundación Soysol</title>
<meta name="robots" content="index, follow, max-snippet:-1, max-image-preview:large, max-video-preview:-1" />
<link rel="canonical" href="https://www.fundacionsoysol.org/en/activities/how-to-protect-ourselves-from-electromagnetic-fields/" />
<meta property="og:locale" content="en_US" />
<meta property="og:type" content="article" />
<meta property="og:title" content="How to Protect Ourselves from Electromagnetic Fields - Fundación Soysol" />
<meta property="og:description" content="Come to the courses we offer to find out how to reduce this impact as much as possible in our lives, especially after the approval of 5G, which has exacerbated this problem significantly." />
<meta property="og:url" content="https://www.fundacionsoysol.org/en/activities/how-to-protect-ourselves-from-electromagnetic-fields/" />
<meta property="og:site_name" content="Fundación Soysol" />
<meta property="article:modified_time" content="2021-06-29T14:19:47+00:00" />
<meta property="og:image" content="https://www.fundacionsoysol.org/wp-content/uploads/2021/03/como-protegernos-de-los-campos-electromagneticos.jpg" />
	<meta property="og:image:width" content="1300" />
	<meta property="og:image:height" content="1300" />
	<meta property="og:image:type" content="image/jpeg" />
<meta name="twitter:card" content="summary_large_image" />
<meta name="twitter:label1" content="Est. reading time" />
	<meta name="twitter:data1" content="1 minute" />
<script type="application/ld+json" class="yoast-schema-graph">{"@context":"https://schema.org","@graph":[{"@type":"WebPage","@id":"https://www.fundacionsoysol.org/en/activities/how-to-protect-ourselves-from-electromagnetic-fields/","url":"https://www.fundacionsoysol.org/en/activities/how-to-protect-ourselves-from-electromagnetic-fields/","name":"How to Protect Ourselves from Electromagnetic Fields - Fundación Soysol","isPartOf":{"@id":"https://www.fundacionsoysol.org/#website"},"primaryImageOfPage":{"@id":"https://www.fundacionsoysol.org/en/activities/how-to-protect-ourselves-from-electromagnetic-fields/#primaryimage"},"image":{"@id":"https://www.fundacionsoysol.org/en/activities/how-to-protect-ourselves-from-electromagnetic-fields/#primaryimage"},"thumbnailUrl":"https://www.fundacionsoysol.org/wp-content/uploads/2021/03/como-protegernos-de-los-campos-electromagneticos.jpg","datePublished":"2021-06-29T14:18:53+00:00","dateModified":"2021-06-29T14:19:47+00:00","breadcrumb":{"@id":"https://www.fundacionsoysol.org/en/activities/how-to-protect-ourselves-from-electromagnetic-fields/#breadcrumb"},"inLanguage":"en-US","potentialAction":[{"@type":"ReadAction","target":["https://www.fundacionsoysol.org/en/activities/how-to-protect-ourselves-from-electromagnetic-fields/"]}]},{"@type":"ImageObject","inLanguage":"en-US","@id":"https://www.fundacionsoysol.org/en/activities/how-to-protect-ourselves-from-electromagnetic-fields/#primaryimage","url":"https://www.fundacionsoysol.org/wp-content/uploads/2021/03/como-protegernos-de-los-campos-electromagneticos.jpg","contentUrl":"https://www.fundacionsoysol.org/wp-content/uploads/2021/03/como-protegernos-de-los-campos-electromagneticos.jpg","width":1300,"height":1300,"caption":"how we protect ourselves from electromagnetic fields"},{"@type":"BreadcrumbList","@id":"https://www.fundacionsoysol.org/en/activities/how-to-protect-ourselves-from-electromagnetic-fields/#breadcrumb","itemListElement":[{"@type":"ListItem","position":1,"name":"Portada","item":"https://www.fundacionsoysol.org/en/we-care-for-you-and-for-the-environment/"},{"@type":"ListItem","position":2,"name":"Actividades","item":"https://www.fundacionsoysol.org/actividades/"},{"@type":"ListItem","position":3,"name":"How to Protect Ourselves from Electromagnetic Fields"}]},{"@type":"WebSite","@id":"https://www.fundacionsoysol.org/#website","url":"https://www.fundacionsoysol.org/","name":"Fundación Soysol","description":"Cuidamos de tí y del medio ambiente, entendiendo la salud de un modo holístico, que integra todas las dimensiones del ser humano y su interrelación recíprocamente influyente con la tierra.","publisher":{"@id":"https://www.fundacionsoysol.org/#organization"},"potentialAction":[{"@type":"SearchAction","target":{"@type":"EntryPoint","urlTemplate":"https://www.fundacionsoysol.org/?s={search_term_string}"},"query-input":{"@type":"PropertyValueSpecification","valueRequired":true,"valueName":"search_term_string"}}],"inLanguage":"en-US"},{"@type":"Organization","@id":"https://www.fundacionsoysol.org/#organization","name":"Fundación Soysol","url":"https://www.fundacionsoysol.org/","logo":{"@type":"ImageObject","inLanguage":"en-US","@id":"https://www.fundacionsoysol.org/#/schema/logo/image/","url":"https://www.fundacionsoysol.org/wp-content/uploads/2021/02/logo-soysol.svg","contentUrl":"https://www.fundacionsoysol.org/wp-content/uploads/2021/02/logo-soysol.svg","width":70,"height":100,"caption":"Fundación Soysol"},"image":{"@id":"https://www.fundacionsoysol.org/#/schema/logo/image/"}}]}</script>
<!-- / Yoast SEO plugin. -->

How to Protect Ourselves from Electromagnetic Fields - Fundación Soysol

Fundación Soysol

Cuidamos de tí y del medio ambiente, entendiendo la salud de un modo holístico, que integra todas las dimensiones del ser humano y su interrelación recíprocamente influyente con la tierra.
